 value of (18 - (4 + (13 - 19 - -8))) + -57?
-45
Evaluate 8 + (5 - (-25 - (-31 + 10))) + 16.
33
Evaluate (47 - 1) + (50 + -58 - (-5 + -5)).
48
-8 + -1 + (8 - 18) + (113 - 51)
43
Calculate -5 + 8 + -15 + 4 - (4 - -70 - -2).
-84
What is the value of -11 - ((-1 - -29) + -23 - (2 - -17)) - -95?
98
What is (-337 + 338 - (5 + 0 + -5)) + 62?
63
Evaluate -23 - -21 - (20 + -13 - (-2 + 15)).
4
Calculate (-4 - 9) + (5 - 29 - -19).
-18
What is 83 + (71 + (46 - 133) - (-14 + -1))?
82
33 + 3 + -18 + (-11 - -46)
53
Calculate -5471 + 5433 - (-18 + 1 - -2).
-23
What is 12 + -40 + (23 - (28 + -9))?
-24
Calculate (18 + -9 + -12 - -8) + -32 - (0 + 10).
-37
What is the value of (10 - -1) + -17 + 113 + -69?
38
Evaluate 7 - (-6 + 3 - (-32 + (-26 - -36))).
-12
Evaluate 1563 + -1603 - (-8 + 4 - 34).
-2
What is the value of -3 - (-35 - 29) - 109?
-48
Evaluate (11 - (-2 + 17 - (20 + -15))) + 15.
16
Calculate 42 + 8 + (-218 - -134).
-34
Evaluate (26 - (11 + 18)) + -9 - 45.
-57
What is -1 - (-6 + (-3 - 0) + 21) - (-35 + -17)?
39
What is 16 + (-62 - -30) + (-5 + 1 - -5) + -1?
-16
Evaluate -18 + (4 + -47 - -20 - -4).
-37
What is the value of -32 + (74 - 33) + (-6 - -1)?
4
What is the value of (91 + -33 + -49 - (44 + 0)) + 7?
-28
Evaluate (-2 + -1 - -3) + -35 + (481 - 478).
-32
30 + (-6 + (6 - 0) + -11 - -18)
37
-20 + -66 + 53 + 30 + 2
-1
Calculate -1 + 43 + -82 + 7 + 68 - (0 + 9).
26
What is the value of (-19 - -34 - 18) + (-1 + 1 - 20)?
-23
Evaluate -2 - (611 + -574 - (1 + -2)).
-40
What is the value of -160 + 109 + -187 + 190?
-48
(4 - 1) + (2 - (-6 + 14)) + 5 + 18
20
Evaluate -58 + 5 + 1 + 20 + -7.
-39
What is the value of 10 + 0 + 211 + -218?
3
What is the value of (-3 - (1 + -8)) + (25 - 33 - 13)?
-17
What is 1 - (5 + -2 + -6) - 3 - 28?
-27
What is (7 - 13) + (-1 - (3 - 1) - (-2238 - -2290))?
-61
Evaluate -32 - (-11 + -6 + 13 + 17 + -26).
-19
What is the value of -4 - (3 - -13 - (-65 + 127))?
42
-21 + (24 - -3) + -13 + 8
1
What is 17 + -65 - -33 - -110?
95
What is 35 - (75 + (60 - 72))?
-28
Evaluate 2 - ((-13 - -2) + 37 + -13) - 10.
-21
What is the value of -46 + 70 + -15 + (64 - (-6 - -7))?
72
Calculate (5 - (0 + 16 + (13 - (3 - -16)))) + -44.
-49
5 + (0 + -33 - (16 + -29 + 20))
-35
Calculate (-15 - -1 - -5 - (13 + -3)) + 11 + -2.
-10
Calculate (-2 - ((-2 - -2) + 1) - 3) + (-1914 - -1959).
39
Calculate 254 + -291 - (0 + (-2 - -9)).
-44
1 + 7 + (-22128 - -22139)
19
487 + -489 + -22 + 2 + (-3 - -6) + -4
-23
Evaluate (24 - -2) + (-20 - (12 - 52)).
46
Calculate -585 + 569 + 1 + -1 + (-11 - 0).
-27
58 - (49 - (-54 + 53))
8
Evaluate (446 + -444 - (-6 - (-2 + 0)) - 21) + 95.
80
What is -4 - ((-27 - -98) + (-1 - (6 + 7)) + 0)?
-61
Evaluate 6 + (30 + -10 - -3) + -4.
25
(-22 + 39 + -27 - (-1 + -2)) + (55 - 1)
47
What is -28 + -19 + 69 - -43?
65
What is the value of 52 - (32 - (19 + -83))?
-44
Evaluate 16 + (-10 - -15) - (-155 + 224).
-48
5 + -2 + -1 - (-5 + -20) - (-283 + 275)
35
Evaluate 28 + -73 + 1 + (-5 - -13 - 9) + 7.
-38
What is (-8 - (-16 + 9)) + 5 + -19 + -34?
-49
What is the value of 19 + -39 + (-5 - -2) + 17?
-6
What is the value of 29 + (-2 + (-6 - -10 - -1) - -3)?
35
Evaluate 10 - (-2 + -40 + 8 + -10).
54
-82 - (82 + -56 - 130)
22
Calculate (-21 - -8) + -21 - -33.
-1
Calculate (2 + 5 + -7 - 9) + (-44 - -48) + -114.
-119
What is 29 - ((-56 - -18) + 58)?
9
Calculate -48 - -33 - 13 - -61.
33
Evaluate 30 + (14 - (-14 + 55)).
3
What is (42 + -45 - (-10 - -30)) + 64?
41
Calculate (-55 + -2 + 3 - (17 + -9)) + (-7 - -17).
-52
Calculate (-3 - (-14 - (0 + 13 + -21))) + 0 + -49.
-46
What is the value of 11 + (-13 - (-15 - -11)) + 5 + 3?
10
What is the value of -1215 + 1260 + (13 - (4 + 0))?
54
What is (-9 - (1 - 3)) + (113 - (-184 - -359))?
-69
Calculate (-7 + -2 - -8) + 3 - -1 - -16.
19
What is (11 - (3 - (4 + -2))) + -3052 + 3005?
-37
What is the value of (102 - 203 - -110) + -27?
-18
What is the value of 37 - 0 - (-80 - (-83 + 40 + -17))?
57
Calculate 14 - 3 - (21 + -2 + -1 + 62 + -51).
-18
Calculate -8 + -3 + (2 - 3) - (1911 - 1961).
38
Evaluate (217 - 102 - -9) + -100.
24
What is the value of -85 - (28 - 174) - 21?
40
497 - 506 - (37 + 0 + 6)
-52
Evaluate -25 - (34 - (-8 - -22)) - (1 + -3).
-43
Calculate 32 + 4 + (14 + 7 - 15).
42
What is the value of (-1 - 46) + 17 + (-41 - 2 - (-458 + 440))?
-55
Evaluate 4 - (-7 + ((11 - -3) + 43 - 9)).
-37
What is the value of (33 - 2) + -130 + 125?
26
-11 - -39 - (27 + -24 - (13 + -6))
32
10 + (14 - 25) + (-14 - -8)
-7
What is (-7 - -7) + (1 - 1) + -76 - (6657 - 6669)?
-64
-41 - (50 - 42) - 47 - (8 - (-2 - -4))
-102
What is -11 - 0 - ((2 - 76) + (162 - 146) + -20)?
67
What is the value of (-4 - 121 - -151 - (0 - -99)) + (-1 - -10)?
-64
What is the value of (-2 - -13) + (-2 - 43 - (51 + -78))?
-7
-1 - (2 + (-6 - 8) + -8)
19
Calculate 0 - (1 + 5) - (-8530 - -8516).
8
Evaluate 21 + -1 - 1 - 54.
-35
-25 - (-38 - -141) - -209
81
Calculate (-17 - -2 - 4 - -12 - 8) + 104.
89
Calculate -5 + -12 + 15 + 7 + 47 - 10.
42
What is the value of -10534 - -10650 - (6 - 0)?
110
Calculate 8 + 41 - (-105 + 152).
2
What is the value of (-2 - ((-7 - -2) + 3)) + 205 + -213?
-8
Calculate 9 + 2 - (-4 - -74) - 9.
-68
7 - ((-7 - 22) + 25) - 55
-44
Calculate -1 - -2 - (-20 - (-109 - -90)).
2
(-4 - -40) + (4 + (-9 - -3) - 1) - -4
37
What is 117 + -99 + -24 + (1 - -2)?
-3
(1598 - 1604 - (-12 + (1 - 0))) + -8
-3
What is the value of 57 - 43 - (-15 + -2 - -6 - -7 - -11)?
7
What is the value of -9 - (37 - (16 + (23 - 26)))?
-33
-178 + (-138 - -23) + 238
-55
(3 - -2) + 4 + (15 - 2 - 47)
-25
What is the value of ((20 - 29) + (5 - 2) - -2) + -2 - 62?
-68
Evaluate (110 + -31 + -161 - (-1 + -1)) + (2 - 15).
-93
What is -11 + -43 - -20 - 9 - -7?
-36
Calculate 11 + 2 + -10 + (2 - 0 - (-235 + 207)).
33
What is (-13 - -122) + -118 - (1 - 60)?
50
Calculate 88 + -113 + 0 + 43.
18
Evaluate 42 - (-32 - (-66 - -20)).
28
Calculate 15 + (10 - -2) + 13 - 1.
39
What is the value of (13 - 18) + 18 + -2 - -24 - 1?
34
What is the value of -3 + (-18 - -19) + -6 + 4 + -97?
-101
Calculate (-17 - -39 - (-4 + 5)) + 48.
69
Evaluate -10 + 2 + -3 - (8 - (11 - -5)) - -54.
51
(134 - 456 - -103) + 99
-120
What is -277 + (11 - -303) + (0 - (-12 + 1))?
48
Calculate (15 - (12 - -3 - 10 - -3)) + -5.
2
What is the value of -4 + -12 + (-16 + -3 - -63)?
28
Evaluate -1 + -16 + -28 + 31 - 49.
-63
(-15 + (53 - (1 - 1)) - 9) + (8 - 5)
32
Evaluate -4779 - -4725 - (-28 - (1 + -2)).
-27
Calculate (-1 + -6 - (-29 + -28)) + -5 - (-53 - -49).
49
Calculate 19 + (-11 - -1) - -50 - (-2 + 10).
51
What is (-18 - -2) + (65 - (-36 + 68))?
17
What is (0 - (0 + 124)) + (69 - (645 - 594))?
-106
-97 + 104 + -59 + 10 + 1
-41
0 + 10 + (-12 - (13 - 36) - 40 - -13)
-6
What is -6 + (-47 - -3) + 44?
-6
Calculate 39 - (316 - (-150 + 312)).
-115
What is the value of 16 - ((2 - 12) + -9 + (27 - 3))?
11
Calculate (-5 + 3 - -17) + -5 + (-43 + 75 - 92).
-50
-1 - (0 - (-18 - -17 - -9)) - (38 + 1)
-32
What is the value of 123 + -6 + (-35 - (-27 - -20 - 22))?
111
(1010 - 947) + 50 + -1
112
Evaluate -2 - -41 - ((-41 - -10 - -17) + 8).
45
Calculate -1 + -1 - (17 - ((-2 - -2) + (-137 - -140))).
-16
What is the value of (-1 - -45) + 262 + -271?
35
-4 - (2 - -13 - (2 - -21))
4
What is (-40 - -50) + -4 + -9 - ((0 - 0) + 66)?
-69
What is the value of 38 + (-58 - -58 - 15)?
23
What is (-21 + 3 - -29) + -9 - 13?
-11
What is the value of (403 - 407) + 2 + (-9 - 3) + -1?
-15
-105 + 25 + -12 - (-3 + -2 + 9)
-96
Evaluate (-3 - 0) + 55 + 45 + 31 + -66.
62
What is the value of (3 - 22 - (14 - 73)) + 14?
54
4 - (4 + -2) - 4 - (-48 - -59)
-13
Calculate 28 + (6 - ((7 - -2) + (3 - (2 + -4)))).
20
-90 + -62 + 79 + 124
51
Evaluate (75 + -85 - (0 + 3)) + 35 + (11 - 146).
-113
Calculate (4 - -13) + -14 + 22 + -21.
4
What is -90 - (-125 - -55) - -59?
39
Calculate (2 - 0) + 115 + -167 + -21 + 6.
-65
Evaluate 222 + -206 + -32 + 1 + -18.
-33
124 - (-23 + 134 + -19)
32
Evaluate -9 + 91 - ((-17 - (-36 - -2)) + -10).
75
What is (9 - (11 + -4) - (-14 + 9 + -2)) + -13?
-4
What is the value of (78 - 0) + (-41 - -20 - -10) + -9?
58
Calculate 10 + -52 + (2 + -13 - (14 - (-22 - -43))).
-46
Calculate 3 - (24 - (5 + -18)).
-34
What is the value of 18 + -36 - -16 - (-293 - -177)?
114
Evaluate 0 + 4 + 39 + -4 + -38 + 29.
30
What is -32 + 69 - (-8 + 0 - -56)?
-11
-38 + (9 - -